?
7
Let x(h) = h - 4. Let u be x(4). Suppose u = 6*i - 4*i + 6. What is the units digit of (4/i - -2)*15?
0
Suppose -20 = -2*i - 0. What is the tens digit of i?
1
Suppose -2*v + w = -2*w - 2, -5*v + 4*w = 2. Let z = v + 8. Let r(o) = o**2 - 5*o - 4. What is the units digit of r(z)?
2
Let i be 10/((-3 - -5)/14). Suppose -c = -5*m - 0*m + 91, 4*m + 2*c = i. What is the units digit of m?
8
Let s = -21 - -31. What is the tens digit of s?
1
Suppose 15*s = 14*s + 90. What is the tens digit of s?
9
Suppose -j - 4*u - 3 = -2*u, -2*j - 5*u - 5 = 0. Let y(a) = a - 2*a - 2*a**3 - 5*a**2 + a**3 + 0*a**2. What is the units digit of y(j)?
5
Let b(y) = -y. Let a(t) = -t**3 + 4*t**2 - t + 3. Let g be (8/5)/((-6)/(-15)). Let l be a(g). What is the units digit of b(l)?
1
Let v = 1 + 14. Let y = -12 + v. What is the units digit of y?
3
Let w(c) = 26*c + 8. What is the hundreds digit of w(8)?
2
Suppose -4*y = 4*q - 12, -5*q + 0*y + 2*y + 1 = 0. Let c be (4/q)/2 + -1. Suppose -r - c = -5. What is the units digit of r?
4
Suppose -5*m - 48 = -3*t, t + 3*m - 17 = 5*m. Let k = t - 7. Suppose -k = -x + 7. What is the units digit of x?
1
Let w(m) = -m**3 - 2*m**2 + 4*m + 5. What is the units digit of w(-5)?
0
Let b be 0/((0 + -1)*-1). Suppose -3*o = -5*g - b*o + 9, 0 = 5*g + o - 17. What is the units digit of g?
3
Suppose -6*g + 20 = -g - 2*q, -5*q - 35 = -5*g. What is the units digit of (-22)/4*g/(-1)?
1
Let w = 11 - 4. Let y(j) = -6 - 2*j**2 - 5*j + 6*j**2 - 3*j**2. What is the units digit of y(w)?
8
What is the units digit of (-2)/(-2) - (-2 + -50)?
3
Let d(j) = -j**3 + 8*j**2 - j + 10. Let s be d(8). Let m = s - -2. What is the units digit of m?
4
Suppose -8*l + 11*l - 162 = 0. What is the units digit of l?
4
Let d = 248 - 131. What is the hundreds digit of d?
1
Let q = 0 + 2. Let h(t) = 2*t + 1. Let n be h(q). Suppose -5*v - n = -u - 22, 3*u - 4*v = 4. What is the units digit of u?
8
Let b be (10 - 17)/(2/(-4)). Suppose b = g + 1. What is the tens digit of g?
1
Suppose 140 = -0*k + 2*k. What is the units digit of k?
0
What is the units digit of -1*3 + 34 + -2?
9
Suppose 5*y = -0*y - 3*c + 280, c = -3*y + 168. What is the tens digit of y?
5
Let h(a) = 2*a + 7. Let u(j) = 2*j + 7. Let g(x) = -3*h(x) + 4*u(x). What is the tens digit of g(5)?
1
Let s = -7 - -5. Let q = 1 + s. What is the units digit of (q + 3 - 4) + 3?
1
Suppose -a - 9 = -7. Let m(y) = -y**3 + 3*y**2 - 1. What is the tens digit of m(a)?
1
Let t(k) = -k - 6. Suppose 3*i - 12 = 2*u + 2*u, 5*i + 32 = -2*u. Let x be t(u). Suppose -q = f - 6, -3*q - 4*f + 14 + 7 = x. What is the units digit of q?
3
Suppose -2*p - 40 = -296. What is the tens digit of p?
2
What is the tens digit of (32/12)/(4/54)?
3
Suppose 5*t + 5*o - 295 + 60 = 0, -4*t + o = -183. Let a be t/1*4/8. Let j = -12 + a. What is the tens digit of j?
1
What is the units digit of (-2555)/(-10) + (-2)/(-4)?
6
Suppose -2*g + 58 = -332. What is the hundreds digit of g?
1
Suppose n - 57 = -0*n. Let j = n - 38. Let v = j + -12. What is the units digit of v?
7
Let c = 10 - 7. Suppose 0 = c*k - 3. Suppose o = -k, o + o + 22 = 4*m. What is the units digit of m?
5
Let q be (-1)/(3 + (-7)/2). Suppose -2*l = -2*a, -4*a - 5*l + 28 = -q*a. What is the units digit of a?
4
Suppose 0 = -3*t + 9, -45 = 2*x - 2*t - 137. Let m = x - 29. What is the units digit of m?
0
Suppose -5*y - 5*s + 440 = -570, -832 = -4*y + 4*s. What is the hundreds digit of y?
2
Let y(g) = -g - 4. Let o be y(-8). Suppose -o*z + 3 = 4*h - 21, -z + 4 = -h. What is the units digit of h?
1
Let l = 0 + 4. Suppose l - 17 = -x. Let t = x - 6. What is the units digit of t?
7
Let r(v) = 29*v**2 + 2*v + 1. What is the hundreds digit of r(-2)?
1
Let i = 31 - 15. Suppose 0 = -v - 3 + i. What is the units digit of v?
3
Suppose 2*b - 5*b = -183. What is the units digit of b?
1
Suppose 4*f - 229 - 83 = 0. What is the tens digit of f?
7
Let c = 4 - 1. Suppose n + 1 - c = k, -5*k - 15 = 0. What is the units digit of ((-10)/n*1)/2?
5
Suppose -l - 4*o + 35 = 0, l - o + 70 = 3*l. What is the units digit of l?
5
Let g = 161 - 37. What is the units digit of g?
4
Let u = 207 + -84. What is the hundreds digit of u?
1
Let q(v) = v + 16. What is the tens digit of q(0)?
1
Let h = 30 + -28. Suppose h*v - 60 = -0*v. What is the tens digit of v?
3
Suppose -t = 4*j - 46, t - 18 = j + 3. Let x = -6 + t. What is the tens digit of x?
2
Let o = -194 - -324. Suppose -2*j + o = 3*j. What is the units digit of j?
6
Suppose 0 = g + 2*g. Suppose 9*p - 7*p - 12 = 0. Let w = p + g. What is the units digit of w?
6
Suppose -2*x + 6 = -t, 5*t = -0*t - 4*x - 16. Let n = -4 - t. Suppose -2*p + 31 = -q, 4*p - 3*q = -n*q + 61. What is the tens digit of p?
1
Suppose o - 2*t = 324, -329 = -3*o + 2*o + t. What is the tens digit of o?
3
Suppose -12 - 6 = -3*l. Let x(k) = 6*k + 6. What is the tens digit of x(l)?
4
Suppose 0*f - 4*b = -4*f + 104, 4*b = 2*f - 62. What is the tens digit of f?
2
What is the hundreds digit of ((-17)/(-4))/((-10)/(-280))?
1
Let s be ((-12)/(-9))/(6/117). Suppose -s = 5*d - 6, 46 = 2*r - d. What is the units digit of r?
1
Let k(q) = 12*q**2 + 1. What is the units digit of k(-2)?
9
Let r(q) = 2*q**3 - 7*q**2 - 4*q - 21. What is the hundreds digit of r(6)?
1
Let v(p) = -p**3 - p**2 + 7. Let x be v(0). Let k = 11 - x. What is the units digit of k?
4
Let m(l) = -l + 8. Let s be m(-9). Suppose f = 5*n - 5 + s, -18 = -3*f - 3*n. What is the units digit of f?
7
Let w = 4 - 7. Let o(i) = -2*i**2 - 19*i + 13. Let x be o(-10). What is the units digit of ((-1)/w + 1)*x?
4
Suppose 0 = -5*s + 2 + 28. Suppose 0 = 5*d - 14 - s. What is the units digit of (-15)/(-3*2/d)?
0
Let f(j) = 3*j - 1. Let n be f(-2). Let t = n - -16. Suppose -s + t = 5*b - 4*b, 3*b + 4*s = 31. What is the units digit of b?
5
Let a = 9 + -7. Suppose 5*x = -a*d + 7, 20 = -0*d + d - 3*x. Suppose -d = 3*k - 4*k. What is the tens digit of k?
1
Let x = -4 - -4. Suppose 3*t + 2*d - 11 = d, 5*t - 3*d + 5 = x. What is the units digit of t?
2
Let z(b) = 8*b**2 - 4*b**2 + b**3 - 3 + 5 - 6*b. Let a be z(-5). Suppose 2*q + 30 = a*q. What is the units digit of q?
6
Let b(g) = 8*g - 69. What is the tens digit of b(22)?
0
Let h = -3 + -10. Let w = h - -41. What is the tens digit of w?
2
Let w be (-4 - -13) + (-2 - -1). Let v = w + -6. Suppose -4*l - 6 + 14 = -5*j, 0 = -v*l - j + 18. What is the units digit of l?
7
Let t(b) be the second derivative of b**3/6 + 7*b**2/2 + 2*b. Let o be t(-8). Let g = o - -2. What is the units digit of g?
1
Suppose -2*z + 25 = -z - 5*x, 2*z - 2 = -2*x. Let s = z + 3. What is the units digit of s?
8
Suppose -7*d = -6*d - 218. What is the units digit of d?
8
Let z(r) = 6*r + 3. Let n be z(3). Suppose -63 = -n*q + 18*q. What is the units digit of q?
1
Suppose 16 = 3*z + z. What is the tens digit of (2 - z/2) + 18?
1
Let s be 36/3 - 0/(-1). Let h = -8 + s. Suppose d - h = -3. What is the units digit of d?
1
Suppose -p + 255 = 2*p. What is the tens digit of p?
8
What is the units digit of 1 + 4455/20 - (-3)/(-4)?
3
Suppose -506 = -3*g + 4*h, -340 = -2*g + 2*h - 0*h. What is the hundreds digit of g?
1
Let d(u) = 3 + 0*u**2 - 5*u + 3 - u**2. Suppose 0 = s + s + 10. What is the units digit of d(s)?
6
Let l(y) = -11*y + 2. What is the units digit of l(-2)?
4
Suppose -2*j = -6*j. Suppose j = m - 4*m - 3*h + 69, m + 3*h - 29 = 0. Let l = m + -13. What is the units digit of l?
7
Let c(g) = -2*g - 1. Let v be c(5). Let s = v - -13. What is the units digit of s?
2
What is the units digit of (-8)/32 + (-1059)/(-12)?
8
Suppose 15 = 3*i, -5*a - 3*i + 55 = i. What is the units digit of a?
7
Let g = 11 - 22. Let c = -7 - g. What is the units digit of c?
4
Suppose -4*i - 5*b = -55, -2*i + i - 4*b = -11. What is the tens digit of i?
1
Suppose 15 = 5*g, -4*g - 711 = -5*k + 2*k. What is the tens digit of k?
4
Suppose 0 = -3*m - 0*m. Suppose m = -q + 25 + 5. What is the tens digit of q?
3
Let d = -119 - -174. What is the units digit of d?
5
Let a = 2 - -2. Suppose -5*c - 11 = a. Let o = c + 4. What is the units digit of o?
1
Suppose k + 2*k = -51. Let s = k + 33. What is the tens digit of s?
1
Suppose 3*b - 29 = 31. What is the tens digit of b?
2
Let h(k) = -2*k + 3. Let j be h(3). Let b be (((-18)/(-3))/j)/(-2). Let a = 10 + b. What is the tens digit of a?
1
Let 